{"id":343,"date":"2017-10-20T11:51:59","date_gmt":"2017-10-20T11:51:59","guid":{"rendered":"http:\/\/kirchenchor-sundern.de\/?page_id=343"},"modified":"2017-10-20T15:56:06","modified_gmt":"2017-10-20T15:56:06","slug":"2015-2","status":"publish","type":"page","link":"https:\/\/kirchenchor-sundern.de\/?page_id=343","title":{"rendered":"2015"},"content":{"rendered":"<p><strong>26.12.2015 2. Weihnachtstag, Christk\u00f6nig-Kirche<\/strong><\/p>\n<p>&nbsp;<\/p>\n<p>Menschen, die ihr wart verloren<\/p>\n<p>(mit \u00dcberchor)<\/p>\n<p>Freu dich ,Erd\u2018 und Sternenzelt<\/p>\n<p>Fr\u00f6hlich soll mein Herze springen<\/p>\n<p>Tollite hostias<\/p>\n<p>O du fr\u00f6hliche<\/p>\n<p><a href=\"https:\/\/kirchenchor-sundern.de\/wp-content\/uploads\/2017\/10\/01Chronik.jpg\"><img decoding=\"async\" loading=\"lazy\" class=\"alignnone size-full wp-image-307\" src=\"https:\/\/kirchenchor-sundern.de\/wp-content\/uploads\/2017\/10\/01Chronik.jpg\" alt=\"\" width=\"325\" height=\"433\" srcset=\"https:\/\/kirchenchor-sundern.de\/wp-content\/uploads\/2017\/10\/01Chronik.jpg 325w, https:\/\/kirchenchor-sundern.de\/wp-content\/uploads\/2017\/10\/01Chronik-225x300.jpg 225w\" sizes=\"(max-width: 325px) 100vw, 325px\" \/><\/a><\/p>\n<p>Dorothee Riemann-Schneider und Daniela Te Pahs begleiten uns bei den St\u00fccken<\/p>\n<p>\u201eFr\u00f6hlich soll mein Herze springen&#8220; und \u201eFreu dich, Erd\u2018 und Sternenzelt&#8220; mit ihren Querfl\u00f6ten.<\/p>\n<p>Au\u00dferdem spielen sie im ersten Teil der Christmette die \u201ePifa&#8220; aus dem Messias von H\u00e4ndel.<\/p>\n<p>Unseren beiden Solistinnen ein herzliches \u201eDanke sch\u00f6n&#8220;.<\/p>\n<p><strong>24.12.2015 Heiligabend in der Johanneskirche<\/strong><\/p>\n<p><a href=\"https:\/\/kirchenchor-sundern.de\/wp-content\/uploads\/2017\/10\/02Chronik.jpg\"><img decoding=\"async\" loading=\"lazy\" class=\"alignnone size-full wp-image-308\" src=\"https:\/\/kirchenchor-sundern.de\/wp-content\/uploads\/2017\/10\/02Chronik.jpg\" alt=\"\" width=\"450\" height=\"337\" srcset=\"https:\/\/kirchenchor-sundern.de\/wp-content\/uploads\/2017\/10\/02Chronik.jpg 450w, https:\/\/kirchenchor-sundern.de\/wp-content\/uploads\/2017\/10\/02Chronik-300x225.jpg 300w\" sizes=\"(max-width: 450px) 100vw, 450px\" \/><\/a><\/p>\n<p>Im Vorprogramm: Alle Dinge dieser Welt<\/p>\n<p>Zur Christmette tragen wir folgende Lieder bei:<\/p>\n<p>Querfl\u00f6ten: \u201ePifa&#8220; aus dem Messias von H\u00e4ndel<\/p>\n<p>Fr\u00f6hlich soll mein Herze springen<\/p>\n<p>Stille Nacht, 1. Strophe als 4-stimmigen Chorsatz<\/p>\n<p>Menschen, die ihr wart verloren, mit \u00dcberchor<\/p>\n<p>Freu dich Erd\u2018 und Sternenzelt<\/p>\n<p>Zu Bethlehem geboren (mit \u00dcberchor)<\/p>\n<p>Tollite hostias<\/p>\n<p>O du fr\u00f6hliche (mit \u00dcberchor)<\/p>\n<p><strong>Samstag, 07.11.2015<\/strong><\/p>\n<p>Als kr\u00f6nender Abschluss die letzte von drei Auff\u00fchrungen der Paukenmesse in unserer St.-Johannes-Kirche &#8211; ein Ereignis f\u00fcr alle Beteiligten. Wir sind begeistert von der sehr guten Resonanz; vor ausverkauftem Haus zu musizieren ist immer ein tolles Erlebnis. Das Glockenl\u00e4uten nach dem Schlussakkord als Besonderheit&#8230;<\/p>\n<p><a href=\"https:\/\/kirchenchor-sundern.de\/wp-content\/uploads\/2017\/10\/03-Chronik.jpg\"><img decoding=\"async\" loading=\"lazy\" class=\"alignnone size-full wp-image-309\" src=\"https:\/\/kirchenchor-sundern.de\/wp-content\/uploads\/2017\/10\/03-Chronik.jpg\" alt=\"\" width=\"600\" height=\"424\" srcset=\"https:\/\/kirchenchor-sundern.de\/wp-content\/uploads\/2017\/10\/03-Chronik.jpg 600w, https:\/\/kirchenchor-sundern.de\/wp-content\/uploads\/2017\/10\/03-Chronik-300x212.jpg 300w\" sizes=\"(max-width: 600px) 100vw, 600px\" \/><\/a><\/p>\n<p><a href=\"https:\/\/kirchenchor-sundern.de\/wp-content\/uploads\/2017\/10\/04Chronik.jpg\"><img decoding=\"async\" loading=\"lazy\" class=\"alignnone size-full wp-image-310\" src=\"https:\/\/kirchenchor-sundern.de\/wp-content\/uploads\/2017\/10\/04Chronik.jpg\" alt=\"\" width=\"600\" height=\"424\" srcset=\"https:\/\/kirchenchor-sundern.de\/wp-content\/uploads\/2017\/10\/04Chronik.jpg 600w, https:\/\/kirchenchor-sundern.de\/wp-content\/uploads\/2017\/10\/04Chronik-300x212.jpg 300w\" sizes=\"(max-width: 600px) 100vw, 600px\" \/><\/a><\/p>\n<p><strong>Sonntag, 01.11.2015<\/strong><\/p>\n<p>Die zweite, gemeinsame\u00a0Darbietung\u00a0der\u00a0Paukenmesse\u00a0in der St. Petri Kirche H\u00fcsten.<\/p>\n<p>Vor fast ausverkauftem Haus ein weiteres Ereignis. Es macht\u00a0einfach Freude, einem interessierten Publikum nach intensiver Probenarbeit das Ergebnis pr\u00e4sentieren zu k\u00f6nnen.<\/p>\n<p>Lesen Sie hier den Bericht aus der <a href=\"https:\/\/de-livepages.strato.com\/wizard\/w4\/manageContentLinkObject.jsp?pos=13274025&amp;\" target=\"_blank\" rel=\"noopener\">Westf\u00e4lischen Rundschau vom 04. November 2015<\/a><\/p>\n<p><u>Samstag, 24.10.2015<\/u><\/p>\n<p>Die Paukenmesse von Haydn in der Hl. Kreuz Kirche Warstein Belecke.<\/p>\n<p>Ein gut gelungener Auftritt mit den Solisten, dem Orchester dem <a href=\"http:\/\/www.gesangverein-kallenhardt.de\/\">Gesangverein Kallenhardt 1872<\/a> und dem Kirchenchor St. Petri H\u00fcsten&#8230; (Infos siehe Aktuelles).<\/p>\n<p>Wir freuen uns schon sehr auf die Auff\u00fchrungen in der St. Petri Kirche H\u00fcsten und in der St. Johannes Kirche Sundern&#8230; (Fotos finden Sie im Fotoalbum)<\/p>\n<p><strong>Freitag bis Sonntag, 11.-13.09.2015<\/strong><\/p>\n<p>Wir genie\u00dfen die intensive und hilfreiche Probenarbeit mit allen drei Chorleitern f\u00fcr das bevorstehende Konzert im Herbst. Besonderer Dank an Elvira Steinwachs, Peter Volbracht und Wolfgang Bitter f\u00fcr ihre Geduld.<\/p>\n<p>Ein ganz herzliches Dankesch\u00f6n an den Kirchenchor St. Petri H\u00fcsten f\u00fcr die Gastfreundschaft und allen flei\u00dfigen H\u00e4nden f\u00fcr die tatkr\u00e4ftige Unterst\u00fctzung.<\/p>\n<p><a href=\"https:\/\/kirchenchor-sundern.de\/wp-content\/uploads\/2017\/10\/05Chronik.jpg\"><img decoding=\"async\" loading=\"lazy\" class=\"alignnone size-full wp-image-311\" src=\"https:\/\/kirchenchor-sundern.de\/wp-content\/uploads\/2017\/10\/05Chronik.jpg\" alt=\"\" width=\"600\" height=\"399\" srcset=\"https:\/\/kirchenchor-sundern.de\/wp-content\/uploads\/2017\/10\/05Chronik.jpg 600w, https:\/\/kirchenchor-sundern.de\/wp-content\/uploads\/2017\/10\/05Chronik-300x200.jpg 300w\" sizes=\"(max-width: 600px) 100vw, 600px\" \/><\/a><\/p>\n<p><strong>Samstag, 04. und 18.07.2015<\/strong><\/p>\n<p>Waffelaktion bei Marktkauf in Sundern:<\/p>\n<p><a href=\"https:\/\/kirchenchor-sundern.de\/wp-content\/uploads\/2017\/10\/06Chronik.jpg\"><img decoding=\"async\" loading=\"lazy\" class=\"alignnone size-full wp-image-312\" src=\"https:\/\/kirchenchor-sundern.de\/wp-content\/uploads\/2017\/10\/06Chronik.jpg\" alt=\"\" width=\"600\" height=\"338\" srcset=\"https:\/\/kirchenchor-sundern.de\/wp-content\/uploads\/2017\/10\/06Chronik.jpg 600w, https:\/\/kirchenchor-sundern.de\/wp-content\/uploads\/2017\/10\/06Chronik-300x169.jpg 300w\" sizes=\"(max-width: 600px) 100vw, 600px\" \/><\/a><\/p>\n<p id=\"floatClearer_36528072\">F\u00fcr unser Konzertprojekt der Paukenmesse im Herbst ist uns keine Temperatur zu hei\u00df und keine M\u00fche zu gro\u00df. An zwei Samstagen bieten wir Waffeln hei\u00df und lecker, direkt aus dem Eisen an und freuen uns \u00fcber die gute Resonanz. Unser Dank geht an alle flei\u00dfigen Helfer, die in den eingeteilten Schichten unsere hei\u00dfe Ware an den Mann \/ die Frau bringen.<\/p>\n<p>Wir danken besonders dem Vorstand f\u00fcr die Organisation und allen erfahrenen Mitgliedern f\u00fcr den Aufbau. Vielen Dank nat\u00fcrlich auch an alle Abnehmer&#8230;<\/p>\n<p><strong>Samstag, 13.06.2015<\/strong><\/p>\n<p><a href=\"https:\/\/kirchenchor-sundern.de\/wp-content\/uploads\/2017\/10\/07Chronik.jpg\"><img decoding=\"async\" loading=\"lazy\" class=\"alignnone size-full wp-image-303\" src=\"https:\/\/kirchenchor-sundern.de\/wp-content\/uploads\/2017\/10\/07Chronik.jpg\" alt=\"\" width=\"285\" height=\"119\" \/><\/a><\/p>\n<p>Wir singen zur kirchlichen Trauung unseres Mitglieds Katrin Hermes und\u00a0Ihres Eheanns Michael in der Kirche St. Antonius Eins. Allendorf:<\/p>\n<p>&#8211; O Herr, unser Gott, wie herrlich ist dein Name<\/p>\n<p>&#8211; Lobt den Herrn der Welt<\/p>\n<p>&#8211; Wie lieblich sind die Boten von Mendelssohn<\/p>\n<p>&#8211; Ave Verum von W. A. Mozart<\/p>\n<p>Wir w\u00fcnschen Katrin &amp; Michael f\u00fcr Ihre gemeinsame Zukunft von Herzen alles Gute.<\/p>\n<p><strong>Sonntag, 31.05.2015 &#8211; 60 j\u00e4hriges Priesterjubil\u00e4um Gottfried Springmann<\/strong><\/p>\n<p><a href=\"https:\/\/kirchenchor-sundern.de\/wp-content\/uploads\/2017\/10\/08Chronik.jpg\"><img decoding=\"async\" loading=\"lazy\" class=\"alignnone size-full wp-image-304\" src=\"https:\/\/kirchenchor-sundern.de\/wp-content\/uploads\/2017\/10\/08Chronik.jpg\" alt=\"\" width=\"435\" height=\"450\" srcset=\"https:\/\/kirchenchor-sundern.de\/wp-content\/uploads\/2017\/10\/08Chronik.jpg 435w, https:\/\/kirchenchor-sundern.de\/wp-content\/uploads\/2017\/10\/08Chronik-290x300.jpg 290w\" sizes=\"(max-width: 435px) 100vw, 435px\" \/><\/a><\/p>\n<p>Foto: Marietta Te Pahs<\/p>\n<p>Im Hochamt um 09.30 Uhr gestalten wir neben dem Postorchester Sundern die Messfeier musikalisch mit:<\/p>\n<p>&#8211; Kyrie aus der Missa brevis Sancti Joannis de Deo von Joseph Haydn<\/p>\n<p><a name=\"1433067928402S\"><\/a>-Lobet den Herrn\u00a0von Gustav Biener<\/p>\n<p><a name=\"1433067994216S\"><\/a>&#8211;\u00a0Sanctus aus der Missa brevis Sancti Joannis de Deo von Joseph Haydn<\/p>\n<p>&#8211;\u00a0Ave Maria von Jakob Arcadelt<\/p>\n<p><u>Freitag, 29.05.2015 &#8211; Stimmbildung f\u00fcr die Frauen mit Elvira Steinwachs<\/u><\/p>\n<p>Wir bedanken uns bei <a href=\"http:\/\/\/\/www.vokalprofi.de\/\" target=\"_blank\" rel=\"noopener\">Elvira Steinwachs<\/a>\u00a0f\u00fcr diesen tollen Abend. Sie sorgt\u00a0mit ihrer offenen und\u00a0nat\u00fcrlichen Art f\u00fcr eine lockere Atmosph\u00e4re. Durch sehr gutes &#8222;falsch Vorsingen&#8220; demonstriert Sie uns die eigenen Fehler und veranschaulicht eindrucksvoll, wie wir mit einfachen Mitteln viel bewirken k\u00f6nnen. Schon jetzt freuen wir uns auf das n\u00e4chste Mal.<\/p>\n<p>Besonders auf die gemeinsamen Auftritte zur Paukenmesse, mit dem von ihr gef\u00fchrten Gesangverein 1872 Kallenhardt und dem Kirchenchor St. Petri H\u00fcsten unter der Leitung von Peter Vollbracht.<\/p>\n<p><u>Samstag, 25.04.2015 &#8211; Fu\u00dfwallfahrt der St. Johannes Gemeinde Sundern nach Werl<\/u><\/p>\n<p>Neben der musikalischen Gestaltung vom Postorchester Sundern, singen wir in der Basilika f\u00fcr die Fu\u00df- und Buspilger aus unserer Gemeinde:<\/p>\n<p>&#8211; Freu dich, du Christenheit<\/p>\n<p>&#8211; O Herr unser Gott, wie herrlich ist Dein Name<\/p>\n<p>&#8211; Lobet den Herrn in seinem Heiligtum<\/p>\n<p><strong>Sonntag, 19.04.2015 &#8211; 50 j\u00e4hriges Priesterjubil\u00e4um Pater W\u00f6stheinrich<\/strong><\/p>\n<p>Wir singen aus der Missa brevis Nr. 7 von Joseph Haydn:<\/p>\n<p>&#8211; Gloria und<\/p>\n<p>&#8211; Sanctus, au\u00dferdem<\/p>\n<p>&#8211; Lobt den Herrn der Welt<\/p>\n<p><strong>Ostern 2015<\/strong><\/p>\n<p>Alle lauschen der tollen\u00a0Stimme von Julia Gr\u00fcter und konzentrieren sich auf ihren Einsatz:<\/p>\n<p><a href=\"https:\/\/kirchenchor-sundern.de\/wp-content\/uploads\/2017\/10\/09Chronik.jpg\"><img decoding=\"async\" loading=\"lazy\" class=\"alignnone size-full wp-image-305\" src=\"https:\/\/kirchenchor-sundern.de\/wp-content\/uploads\/2017\/10\/09Chronik.jpg\" alt=\"\" width=\"600\" height=\"450\" srcset=\"https:\/\/kirchenchor-sundern.de\/wp-content\/uploads\/2017\/10\/09Chronik.jpg 600w, https:\/\/kirchenchor-sundern.de\/wp-content\/uploads\/2017\/10\/09Chronik-300x225.jpg 300w\" sizes=\"(max-width: 600px) 100vw, 600px\" \/><\/a><\/p>\n<p>Ostermontag, 06.04. singen wir in der Christk\u00f6nigkirche:<\/p>\n<p>&#8211; Missa brevis St<u>i<\/u> Joannis de Deo von Joseph Haydn<\/p>\n<p>Wieder unterst\u00fctzt von: Solistin <a href=\"http:\/\/www.julia-grueter.com\/\" target=\"_blank\" rel=\"noopener\">Julia Gr\u00fcter<\/a>,\u00a0die das Benedictus aus der Missa brevis und sp\u00e4ter auch aus dem Messias von H\u00e4ndel &#8222;Ich wei\u00df, dass mein Erl\u00f6ser lebet&#8220; singt.\u00a0 Sie gl\u00e4nzt hier ebenfalls mit ihrem\u00a0raumf\u00fcllenden Gesang &#8211; zum Dahinschmelzen!<\/p>\n<p>Ostersonntag, 05.04. singen wir in\u00a0St. Johannes:<\/p>\n<p>&#8211; Missa brevis St<u>i<\/u> Joannis de Deo von Joseph Haydn<\/p>\n<p>Als Highlight: Solistin <a href=\"http:\/\/www.julia-grueter.com\/\" target=\"_blank\" rel=\"noopener\">Julia Gr\u00fcter<\/a>,\u00a0die das Benedictus aus der Missa brevis und zur Kommunion aus dem Messias von H\u00e4ndel &#8222;Ich wei\u00df, dass mein Erl\u00f6ser lebet&#8220; singt. Mit beeindruckendem Volumen f\u00fcllt ihr glasklarer Sopran den gesamten Raum unserer Johanneskirche&#8230; ein wahrer Genuss!<\/p>\n<p>Karfreitag, 03.04. gestalten wir die\u00a0Liturgie in\u00a0St. Johannes mit folgenden St\u00fccken:<\/p>\n<p>&#8211; Wer hat dich so geschlagen<\/p>\n<p>&#8211; Aus tiefer Not schrei ich zu dir<\/p>\n<p>&#8211; Dank f\u00fcr Golgatha<\/p>\n<p>&#8211; In jener letzten der N\u00e4chte<\/p>\n<p><strong>Mitgliederehrung Generalversammlung\u00a002.02.2015<\/strong><\/p>\n<p>F\u00fcr 60 Jahre Ingrid Falke, f\u00fcr 50 Jahre Karl Roosen,<\/p>\n<p>f\u00fcr 40 Jahre Rita Odor, f\u00fcr 25 Jahre Hanna Ruschke und Norbert Otto,<\/p>\n<p>f\u00fcr 10 Jahre Gisela Fr\u00f6ndt, Katrin Hermes und Johanna Pauli.<\/p>\n<p>Vielen Dank\u00a0f\u00fcr Eure Treue!<\/p>\n<p><a href=\"https:\/\/kirchenchor-sundern.de\/wp-content\/uploads\/2017\/10\/10Chronik.jpg\"><img decoding=\"async\" loading=\"lazy\" class=\"alignnone size-full wp-image-306\" src=\"https:\/\/kirchenchor-sundern.de\/wp-content\/uploads\/2017\/10\/10Chronik.jpg\" alt=\"\" width=\"599\" height=\"450\" srcset=\"https:\/\/kirchenchor-sundern.de\/wp-content\/uploads\/2017\/10\/10Chronik.jpg 599w, https:\/\/kirchenchor-sundern.de\/wp-content\/uploads\/2017\/10\/10Chronik-300x225.jpg 300w\" sizes=\"(max-width: 599px) 100vw, 599px\" \/><\/a><\/p>\n<p><span style=\"border-radius: 2px; text-indent: 20px; width: auto; padding: 0px 4px 0px 0px; text-align: center; font: bold 11px\/20px 'Helvetica Neue',Helvetica,sans-serif; color: #ffffff; background: #bd081c  no-repeat scroll 3px 50% \/ 14px 14px; position: absolute; opacity: 1; z-index: 8675309; display: none; cursor: pointer; top: 9009px; left: 50px;\">Merken<\/span><\/p>\n","protected":false},"excerpt":{"rendered":"<p>26.12.2015 2. Weihnachtstag, Christk\u00f6nig-Kirche &nbsp; Menschen, die ihr wart verloren (mit \u00dcberchor) Freu dich ,Erd\u2018 und Sternenzelt Fr\u00f6hlich soll mein Herze springen Tollite hostias O du fr\u00f6hliche Dorothee Riemann-Schneider und Daniela Te Pahs begleiten uns bei den St\u00fccken \u201eFr\u00f6hlich soll mein Herze springen&#8220; und \u201eFreu dich, Erd\u2018 und Sternenzelt&#8220; mit ihren Querfl\u00f6ten. Au\u00dferdem spielen sie &hellip; <\/p>\n<p class=\"link-more\"><a href=\"https:\/\/kirchenchor-sundern.de\/?page_id=343\" class=\"more-link\"><span class=\"screen-reader-text\">\u201e2015\u201c<\/span> weiterlesen<\/a><\/p>\n","protected":false},"author":1,"featured_media":0,"parent":0,"menu_order":0,"comment_status":"closed","ping_status":"closed","template":"","meta":{"footnotes":""},"_links":{"self":[{"href":"https:\/\/kirchenchor-sundern.de\/index.php?rest_route=\/wp\/v2\/pages\/343"}],"collection":[{"href":"https:\/\/kirchenchor-sundern.de\/index.php?rest_route=\/wp\/v2\/pages"}],"about":[{"href":"https:\/\/kirchenchor-sundern.de\/index.php?rest_route=\/wp\/v2\/types\/page"}],"author":[{"embeddable":true,"href":"https:\/\/kirchenchor-sundern.de\/index.php?rest_route=\/wp\/v2\/users\/1"}],"replies":[{"embeddable":true,"href":"https:\/\/kirchenchor-sundern.de\/index.php?rest_route=%2Fwp%2Fv2%2Fcomments&post=343"}],"version-history":[{"count":4,"href":"https:\/\/kirchenchor-sundern.de\/index.php?rest_route=\/wp\/v2\/pages\/343\/revisions"}],"predecessor-version":[{"id":410,"href":"https:\/\/kirchenchor-sundern.de\/index.php?rest_route=\/wp\/v2\/pages\/343\/revisions\/410"}],"wp:attachment":[{"href":"https:\/\/kirchenchor-sundern.de\/index.php?rest_route=%2Fwp%2Fv2%2Fmedia&parent=343"}],"curies":[{"name":"wp","href":"https:\/\/api.w.org\/{rel}","templated":true}]}}