{"id":345,"date":"2017-10-20T11:52:10","date_gmt":"2017-10-20T11:52:10","guid":{"rendered":"http:\/\/kirchenchor-sundern.de\/?page_id=345"},"modified":"2017-10-20T15:53:19","modified_gmt":"2017-10-20T15:53:19","slug":"2016-2","status":"publish","type":"page","link":"https:\/\/kirchenchor-sundern.de\/?page_id=345","title":{"rendered":"2016"},"content":{"rendered":"<p style=\"text-align: justify;\"><strong>Sonntag, 04.12.2016 Adventskonzert<\/strong><\/p>\n<p style=\"text-align: justify;\">Ein stimmungsvolles, gelungenes Konzert gemeinsam mit dem <a href=\"http:\/\/www.barditus.de\">Chor Barditus <\/a>und einer herausragenden Johanna Risse an der Violine. Standing Ovations.<\/p>\n<p style=\"text-align: justify;\"><strong>Sonntag, 06.11.2016 Ausflug nach K\u00f6rbecke<\/strong><\/p>\n<p><a href=\"https:\/\/kirchenchor-sundern.de\/wp-content\/uploads\/2017\/10\/Chr02.jpg\"><img decoding=\"async\" loading=\"lazy\" class=\"alignnone size-full wp-image-380\" src=\"https:\/\/kirchenchor-sundern.de\/wp-content\/uploads\/2017\/10\/Chr02.jpg\" alt=\"\" width=\"240\" height=\"320\" srcset=\"https:\/\/kirchenchor-sundern.de\/wp-content\/uploads\/2017\/10\/Chr02.jpg 240w, https:\/\/kirchenchor-sundern.de\/wp-content\/uploads\/2017\/10\/Chr02-225x300.jpg 225w\" sizes=\"(max-width: 240px) 100vw, 240px\" \/>\u00a0\u00a0<\/a><a href=\"https:\/\/kirchenchor-sundern.de\/wp-content\/uploads\/2017\/10\/Chr01.jpg\"><img decoding=\"async\" loading=\"lazy\" class=\"alignnone size-full wp-image-379\" src=\"https:\/\/kirchenchor-sundern.de\/wp-content\/uploads\/2017\/10\/Chr01.jpg\" alt=\"\" width=\"240\" height=\"320\" srcset=\"https:\/\/kirchenchor-sundern.de\/wp-content\/uploads\/2017\/10\/Chr01.jpg 240w, https:\/\/kirchenchor-sundern.de\/wp-content\/uploads\/2017\/10\/Chr01-225x300.jpg 225w\" sizes=\"(max-width: 240px) 100vw, 240px\" \/><\/a><\/p>\n<p style=\"text-align: justify;\">Wir besuchen Pfarrer Eilebrecht in seiner Gemeinde in K\u00f6rbecke und tragen dort mit unserem Chorgesang zum Gottesdienst bei. Anschlie\u00dfend fahren wir nach Meschede zum gemeinsamen Mittagessen in das Klosterrestaurant der Abtei K\u00f6nigsm\u00fcnster. Danach nutzen alle die M\u00f6glichkeit, sich die moderne Kirche in Ruhe anzusehen. Dem Hinweis eines Chormitgliedes, dass in der Sakramentenkapelle eine besondere Akustik herrscht, folgen einige S\u00e4ngerinnen sofort und testen den Raumklang. Lange bleiben sie nicht allein und es schlie\u00dfen sich immer mehr S\u00e4nger\/Innen an, bis sich fast der gesamte Chor in der Kapelle befindet. Das Lied \u201eDer Herr segne dich\u201c h\u00f6rt sich hier besonders ergreifend an und l\u00e4sst so manchem einen Schauer \u00fcber den R\u00fccken laufen.<\/p>\n<p style=\"text-align: justify;\"><strong>Sonntag, 19.08.2016 Fest Kreuzerh\u00f6hung<\/strong><\/p>\n<p style=\"text-align: justify;\">Wir singen\u00a0in der Johanneskirche im Hochamt die Haydn Messe: Missa Brevis Sancti Joannis de Deo in B-Dur.<\/p>\n<p style=\"text-align: justify;\"><strong>Samstag, 06. und 20.08.2016, Waffelaktion<\/strong><\/p>\n<p style=\"text-align: justify;\">Wie im letzten Jahr, haben wir einen Waffelstand bei Marktkauf. Den flei\u00dfigen Helfern sei an dieser Stelle gedankt, vor allem aber den zahlreichen Abnehmern vielen Dank f\u00fcr Ihre Unterst\u00fctzung&#8230;<\/p>\n<p><a href=\"https:\/\/kirchenchor-sundern.de\/wp-content\/uploads\/2017\/10\/Waffel1.jpg\"><img decoding=\"async\" loading=\"lazy\" class=\"alignnone size-full wp-image-376\" src=\"https:\/\/kirchenchor-sundern.de\/wp-content\/uploads\/2017\/10\/Waffel1.jpg\" alt=\"\" width=\"450\" height=\"315\" srcset=\"https:\/\/kirchenchor-sundern.de\/wp-content\/uploads\/2017\/10\/Waffel1.jpg 450w, https:\/\/kirchenchor-sundern.de\/wp-content\/uploads\/2017\/10\/Waffel1-300x210.jpg 300w\" sizes=\"(max-width: 450px) 100vw, 450px\" \/><\/a><\/p>\n<p><a href=\"https:\/\/kirchenchor-sundern.de\/wp-content\/uploads\/2017\/10\/Waffel2.jpg\"><img decoding=\"async\" loading=\"lazy\" class=\"alignnone size-full wp-image-377\" src=\"https:\/\/kirchenchor-sundern.de\/wp-content\/uploads\/2017\/10\/Waffel2.jpg\" alt=\"\" width=\"450\" height=\"276\" srcset=\"https:\/\/kirchenchor-sundern.de\/wp-content\/uploads\/2017\/10\/Waffel2.jpg 450w, https:\/\/kirchenchor-sundern.de\/wp-content\/uploads\/2017\/10\/Waffel2-300x184.jpg 300w\" sizes=\"(max-width: 450px) 100vw, 450px\" \/><\/a><\/p>\n<p style=\"text-align: justify;\"><strong>Samstag, 13.08.2016, Seelenamt f\u00fcr Niels Riemann<\/strong><\/p>\n<p style=\"text-align: justify;\">Am Freitag, den 05. August 2016 verstarb unser langj\u00e4hriges Chormitglied Niels Riemann. Seiner Frau Christa, die ebenfalls seit vielen Jahren S\u00e4ngerin unseres Chores ist, und ihrer Familie gilt unsere aufrichtige Anteilnahme. Wir singen im Seelenamt f\u00fcr Niels um 09.30 Uhr in der Johanneskirche Sundern: &#8222;Gott hat mir l\u00e4ngst einen Engel gesandt&#8220; von Thomas Gabriel &#8222;Herr, Gott des Lebens&#8220; von Robert Jones<\/p>\n<p style=\"text-align: justify;\"><strong>Sonntag,\u00a029.05.2016,<\/strong><\/p>\n<p style=\"text-align: justify;\"><strong>25-j\u00e4hriges Priesterjubil\u00e4um Pfarrer Michael Schmitt<\/strong><\/p>\n<p style=\"text-align: justify;\">Diesem Anlass entsprechend, wird das Hochamt in der Johanneskirche gefeiert und wir gratulieren Pfarrer Michael Schmitt zu diesem gro\u00dfen Ereignis. Wir freuen uns sehr, den Gottesdienst musikalisch mitgestalten zu k\u00f6nnen und singen:<\/p>\n<p style=\"text-align: justify;\">Zum Einzug:<\/p>\n<p style=\"text-align: justify;\">&#8222;Lobet den Herrn in seinem Heiligtum&#8220; von Gustav Biener<\/p>\n<p style=\"text-align: justify;\">&#8222;Halleluja&#8220; von Colin Mawby<\/p>\n<p style=\"text-align: justify;\">Zwischengesang:<\/p>\n<p style=\"text-align: justify;\">&#8222;Herr, Gott des Lebens&#8220; nach einer irischen Vorlage 8. Jh., Melodie und Satz Robert Jones 2013<\/p>\n<p style=\"text-align: justify;\">Zur Kommunion:<\/p>\n<p>&#8222;Panis Angelicus&#8220; von C\u00e9sar Franck mit Tenor Georg Poplutz<\/p>\n<p><u>S<\/u><u>amstag, 07.05.2015<\/u><\/p>\n<p>Wir singen anl\u00e4sslich\u00a0der Wallfahrt\u00a0unserer Gemeinde zur Mutter Gottes\u00a0nach Werl in der\u00a0Basilika:<\/p>\n<p>Zum Gloria: Pilgerhymne &#8222;Freu dich, du Christenheit&#8220;<\/p>\n<p>Das &#8222;Halleluja&#8220; von Colin Mawby<\/p>\n<p>Zur Gabenbereitung: &#8222;Ave Maria&#8220; von Jakob Arcadelt<\/p>\n<p>Zur Danksagung: &#8222;Panis Angelicus&#8220; von Cesar Franck<\/p>\n<p>&nbsp;<\/p>\n<p><strong>Ostersonntag, 27.03.2016 in der Johanneskirche und<\/strong><\/p>\n<p><a href=\"https:\/\/kirchenchor-sundern.de\/wp-content\/uploads\/2017\/10\/Chr03.jpg\"><img decoding=\"async\" loading=\"lazy\" class=\"alignnone size-full wp-image-381\" src=\"https:\/\/kirchenchor-sundern.de\/wp-content\/uploads\/2017\/10\/Chr03.jpg\" alt=\"\" width=\"450\" height=\"337\" srcset=\"https:\/\/kirchenchor-sundern.de\/wp-content\/uploads\/2017\/10\/Chr03.jpg 450w, https:\/\/kirchenchor-sundern.de\/wp-content\/uploads\/2017\/10\/Chr03-300x225.jpg 300w\" sizes=\"(max-width: 450px) 100vw, 450px\" \/><\/a><\/p>\n<p><strong>Ostermontag, 28.03.2016 in der Nachbargemeinde Christk\u00f6nig:<\/strong><\/p>\n<ul>\n<li>Halleluja von Colin Mawby<\/li>\n<li>Das ist der Tag, den Gott gemacht aus dem Gotteslob<\/li>\n<li>Fr\u00fchmorgens, da die Sonn aufgeht von Fr.-W. Stade<\/li>\n<li>Herr, Gott des Lebens &#8211; Irische Vorlage \/ Satz R. Jones<\/li>\n<li>Panis Angelicus von C\u00e9sar Franck<\/li>\n<li>Lobet den Herrn in seinem Heiligtum\u00a0von Gustav Biener<\/li>\n<\/ul>\n<p><strong>Karfreitag, 25.03.2016 in der Johanneskirche:<\/strong><\/p>\n<ul>\n<li>Wer hat dich so geschlagen von J. S. Bach<\/li>\n<li>Herzliebster Jesu, was hast du verbrochen von J. S. Bach<\/li>\n<li>Dank f\u00fcr Golgatha von Klaus Heizmann<\/li>\n<li>Kreuz, das unser Leben tr\u00e4gt aus dem Gotteslob<\/li>\n<\/ul>\n<p><strong>22. Januar 2016<\/strong><\/p>\n<p>Generalversammlung im Johanneshaus &#8211; Es stand u.a. die Wahl des Vorstandes auf dem Programm.<\/p>\n<p>Der Vorstand begr\u00fc\u00dft neu in seinen Reihen:<\/p>\n<p>Katrin Hermes als stellv. Notenwartin<\/p>\n<p>Elmar Braukmann als\u00a0Schriftf\u00fchrer,<\/p>\n<p>der das Amt von Maria Hustadt<\/p>\n<p>\u00fcbernimmt. Ihr gilt\u00a0an dieser Stelle unser herzlicher\u00a0Dank f\u00fcr diegewissenhafte\u00a0Ausf\u00fchrung.<\/p>\n<p><span style=\"color: #ff0000;\"><a href=\"https:\/\/kirchenchor-sundern.de\/wp-content\/uploads\/2017\/10\/Chr04.jpg\"><img decoding=\"async\" loading=\"lazy\" class=\"alignnone size-full wp-image-369\" src=\"https:\/\/kirchenchor-sundern.de\/wp-content\/uploads\/2017\/10\/Chr04.jpg\" alt=\"\" width=\"320\" height=\"240\" srcset=\"https:\/\/kirchenchor-sundern.de\/wp-content\/uploads\/2017\/10\/Chr04.jpg 320w, https:\/\/kirchenchor-sundern.de\/wp-content\/uploads\/2017\/10\/Chr04-300x225.jpg 300w\" sizes=\"(max-width: 320px) 100vw, 320px\" \/><\/a><\/span><\/p>\n<p>In ihren \u00c4mtern best\u00e4tigt wurden:<\/p>\n<p>Chorleitung: Wolfgang Bitter<\/p>\n<p>1. Vorsitzende: Lilo Budden<\/p>\n<p>2. Vorsitzender: Friedrich B\u00fcse<\/p>\n<p>Kassiererin: Annette N\u00f6ker<\/p>\n<p>Notenwartin: Ingrid Falke<\/p>\n<p>Beisitzer: Ralf Budden<\/p>\n<p>Beisitzer: Georg Scheffer<\/p>\n<p><span style=\"color: #ff0000;\"><a href=\"https:\/\/kirchenchor-sundern.de\/wp-content\/uploads\/2017\/10\/Chr041.jpg\"><img decoding=\"async\" loading=\"lazy\" class=\"alignnone size-full wp-image-374\" src=\"https:\/\/kirchenchor-sundern.de\/wp-content\/uploads\/2017\/10\/Chr041.jpg\" alt=\"\" width=\"320\" height=\"240\" srcset=\"https:\/\/kirchenchor-sundern.de\/wp-content\/uploads\/2017\/10\/Chr041.jpg 320w, https:\/\/kirchenchor-sundern.de\/wp-content\/uploads\/2017\/10\/Chr041-300x225.jpg 300w\" sizes=\"(max-width: 320px) 100vw, 320px\" \/><\/a><\/span><\/p>\n<p>Alle Chormitglieder bedanken sich beim aktiven Vorstand f\u00fcr\u00a0dessen selbstlosen Einsatz und das au\u00dferordentliche Engagement.<\/p>\n<p>Den neuen Vorstandsmitgliedern ein herzliches Dankesch\u00f6n f\u00fcrdie Bereitschaft mitzuwirken.<\/p>\n<p><span style=\"color: #ff0000;\"><a href=\"https:\/\/kirchenchor-sundern.de\/wp-content\/uploads\/2017\/10\/Chr042.jpg\"><img decoding=\"async\" loading=\"lazy\" class=\"alignnone size-full wp-image-375\" src=\"https:\/\/kirchenchor-sundern.de\/wp-content\/uploads\/2017\/10\/Chr042.jpg\" alt=\"\" width=\"320\" height=\"240\" srcset=\"https:\/\/kirchenchor-sundern.de\/wp-content\/uploads\/2017\/10\/Chr042.jpg 320w, https:\/\/kirchenchor-sundern.de\/wp-content\/uploads\/2017\/10\/Chr042-300x225.jpg 300w\" sizes=\"(max-width: 320px) 100vw, 320px\" \/><\/a><\/span><\/p>\n<p>Ein gro\u00dfes Lob an die Probenflei\u00dfigsten\u00a0des abgelaufenen Chorjahres:<\/p>\n<p>34 x Annegret Niemeyer und Rita Odor<\/p>\n<p>33 x Resi Pauleck und Georg Niemeyer<\/p>\n<p>32 x Hanna Ruschke<\/p>\n<p>31 x Marietta Te Pahs, Roswitha H\u00fcttemeister und Mechthild Niepel<\/p>\n<p>Im weiteren Verlauf wurde auch der verstorbenen Chormitglieder gedacht:<\/p>\n<p>Wir denken an Brigitte Bruchhage&#8230;<\/p>\n<p><strong>11. Januar 2016<\/strong><\/p>\n<p>Wir treffen uns zum gem\u00fctlichen Beisammensein im &#8222;Stadtkrug&#8220; und verleben gesellige Stunden.\u00a0Von den erfolgreichen Auff\u00fchrungen der Paukenmesse wirkt der Genuss noch nach.<\/p>\n<p>Ein Abend bei\u00a0gutem Essen, k\u00fchlen Getr\u00e4nken und\u00a0anregenden Gespr\u00e4chen bevor die Probenarbeit ab dem 18. Januar wieder beginnt.<\/p>\n<p><span style=\"border-radius: 2px; text-indent: 20px; width: auto; padding: 0px 4px 0px 0px; text-align: center; font: bold 11px\/20px 'Helvetica Neue',Helvetica,sans-serif; color: #ffffff; background: #bd081c no-repeat scroll 3px 50% \/ 14px 14px; position: absolute; opacity: 1; z-index: 8675309; display: none; cursor: pointer; top: 4304px; left: 50px;\">Merken<\/span><\/p>\n<p><span style=\"border-radius: 2px; text-indent: 20px; width: auto; padding: 0px 4px 0px 0px; text-align: center; font: bold 11px\/20px 'Helvetica Neue',Helvetica,sans-serif; color: #ffffff; background: #bd081c no-repeat scroll 3px 50% \/ 14px 14px; position: absolute; opacity: 1; z-index: 8675309; display: none; cursor: pointer;\">Merken<\/span><\/p>\n<p><span style=\"border-radius: 2px; text-indent: 20px; width: auto; padding: 0px 4px 0px 0px; text-align: center; font: bold 11px\/20px 'Helvetica Neue',Helvetica,sans-serif; color: #ffffff; background: #bd081c  no-repeat scroll 3px 50% \/ 14px 14px; position: absolute; opacity: 1; z-index: 8675309; display: none; cursor: pointer; top: 5381px; left: 50px;\">Merken<\/span><\/p>\n","protected":false},"excerpt":{"rendered":"<p>Sonntag, 04.12.2016 Adventskonzert Ein stimmungsvolles, gelungenes Konzert gemeinsam mit dem Chor Barditus und einer herausragenden Johanna Risse an der Violine. Standing Ovations. Sonntag, 06.11.2016 Ausflug nach K\u00f6rbecke \u00a0\u00a0 Wir besuchen Pfarrer Eilebrecht in seiner Gemeinde in K\u00f6rbecke und tragen dort mit unserem Chorgesang zum Gottesdienst bei. Anschlie\u00dfend fahren wir nach Meschede zum gemeinsamen Mittagessen in &hellip; <\/p>\n<p class=\"link-more\"><a href=\"https:\/\/kirchenchor-sundern.de\/?page_id=345\" class=\"more-link\"><span class=\"screen-reader-text\">\u201e2016\u201c<\/span> weiterlesen<\/a><\/p>\n","protected":false},"author":1,"featured_media":0,"parent":0,"menu_order":0,"comment_status":"closed","ping_status":"closed","template":"","meta":{"footnotes":""},"_links":{"self":[{"href":"https:\/\/kirchenchor-sundern.de\/index.php?rest_route=\/wp\/v2\/pages\/345"}],"collection":[{"href":"https:\/\/kirchenchor-sundern.de\/index.php?rest_route=\/wp\/v2\/pages"}],"about":[{"href":"https:\/\/kirchenchor-sundern.de\/index.php?rest_route=\/wp\/v2\/types\/page"}],"author":[{"embeddable":true,"href":"https:\/\/kirchenchor-sundern.de\/index.php?rest_route=\/wp\/v2\/users\/1"}],"replies":[{"embeddable":true,"href":"https:\/\/kirchenchor-sundern.de\/index.php?rest_route=%2Fwp%2Fv2%2Fcomments&post=345"}],"version-history":[{"count":8,"href":"https:\/\/kirchenchor-sundern.de\/index.php?rest_route=\/wp\/v2\/pages\/345\/revisions"}],"predecessor-version":[{"id":408,"href":"https:\/\/kirchenchor-sundern.de\/index.php?rest_route=\/wp\/v2\/pages\/345\/revisions\/408"}],"wp:attachment":[{"href":"https:\/\/kirchenchor-sundern.de\/index.php?rest_route=%2Fwp%2Fv2%2Fmedia&parent=345"}],"curies":[{"name":"wp","href":"https:\/\/api.w.org\/{rel}","templated":true}]}}