{"id":549,"date":"2017-11-22T08:22:39","date_gmt":"2017-11-22T08:22:39","guid":{"rendered":"http:\/\/kirchenchor-sundern.de\/?page_id=549"},"modified":"2017-11-22T08:29:29","modified_gmt":"2017-11-22T08:29:29","slug":"2017-2","status":"publish","type":"page","link":"https:\/\/kirchenchor-sundern.de\/?page_id=549","title":{"rendered":"2017"},"content":{"rendered":"<p><strong>18.11.2017 &#8222;Lobgesang&#8220; in Belecke<\/strong><\/p>\n<p><strong>14.10.2017 &#8222;Lobgesang&#8220; in Sundern<\/strong><\/p>\n<p><a href=\"https:\/\/kirchenchor-sundern.de\/wp-content\/uploads\/2017\/11\/cropped-IMAfoto_DSC09706_comp-mit-Beschr.jpg\"><img decoding=\"async\" loading=\"lazy\" class=\"alignnone wp-image-523 size-full\" src=\"https:\/\/kirchenchor-sundern.de\/wp-content\/uploads\/2017\/11\/cropped-IMAfoto_DSC09706_comp-mit-Beschr.jpg\" alt=\"\" width=\"2000\" height=\"1333\" srcset=\"https:\/\/kirchenchor-sundern.de\/wp-content\/uploads\/2017\/11\/cropped-IMAfoto_DSC09706_comp-mit-Beschr.jpg 2000w, https:\/\/kirchenchor-sundern.de\/wp-content\/uploads\/2017\/11\/cropped-IMAfoto_DSC09706_comp-mit-Beschr-300x200.jpg 300w, https:\/\/kirchenchor-sundern.de\/wp-content\/uploads\/2017\/11\/cropped-IMAfoto_DSC09706_comp-mit-Beschr-768x512.jpg 768w, https:\/\/kirchenchor-sundern.de\/wp-content\/uploads\/2017\/11\/cropped-IMAfoto_DSC09706_comp-mit-Beschr-1024x682.jpg 1024w\" sizes=\"(max-width: 767px) 89vw, (max-width: 1000px) 54vw, (max-width: 1071px) 543px, 580px\" \/><\/a><\/p>\n<p><strong>08.10.2017 &#8222;Lobgesang&#8220; in H\u00fcsten<\/strong><\/p>\n<p><strong>06.05.2017 Gemeindewallfahrt nach Werl<\/strong><\/p>\n<p><a href=\"https:\/\/kirchenchor-sundern.de\/wp-content\/uploads\/2017\/11\/IMA_DSC08114.jpg\"><img decoding=\"async\" loading=\"lazy\" class=\"alignnone wp-image-551\" src=\"https:\/\/kirchenchor-sundern.de\/wp-content\/uploads\/2017\/11\/IMA_DSC08114.jpg\" alt=\"\" width=\"503\" height=\"729\" srcset=\"https:\/\/kirchenchor-sundern.de\/wp-content\/uploads\/2017\/11\/IMA_DSC08114.jpg 690w, https:\/\/kirchenchor-sundern.de\/wp-content\/uploads\/2017\/11\/IMA_DSC08114-207x300.jpg 207w\" sizes=\"(max-width: 503px) 100vw, 503px\" \/><\/a><\/p>\n<ul>\n<li>Freu dich, du Christenheit (Wallfahrtshymne)<\/li>\n<li>Freu dich, erl\u00f6ste Christenheit<\/li>\n<li>Ave Maria (Arcadelt)<\/li>\n<li>Lobt froh den Herren, ihr jugendlichen Ch\u00f6re<\/li>\n<\/ul>\n<p><strong>16.04.2017 u. 17.04.2017 Ostern<\/strong><\/p>\n<ul>\n<li>Ostergraduale (Gustav Biener)<\/li>\n<li>Freu dich, erl\u00f6ste Christenheit, Strophe 1 u. 3<\/li>\n<li>Lobt froh den Herrn, ihr jugendlichen Ch\u00f6re, Strophe 1 u. 3<\/li>\n<li>Das ist der Tag, den Gott gemacht<\/li>\n<\/ul>\n<p><strong>14.04.2017 Karfreitag<\/strong><\/p>\n<ul>\n<li>O Haupt voll Blut und Wunden (Bach)<\/li>\n<li>Herzliebster Jesu (Bach)<\/li>\n<\/ul>\n<p><strong>19.02.2017\u00a0 Einf\u00fchrung unseres neuen Pfarrers Stefan Siebert:<\/strong><\/p>\n<ul>\n<li>Gloria aus der Missa secunda von Hans-Leo Hassler<\/li>\n<li>Lass Frieden sein auf Erden (Miller \/ Jackson \/ Bitter)<\/li>\n<\/ul>\n<p>&nbsp;<\/p>\n<p>&nbsp;<\/p>\n","protected":false},"excerpt":{"rendered":"<p>18.11.2017 &#8222;Lobgesang&#8220; in Belecke 14.10.2017 &#8222;Lobgesang&#8220; in Sundern 08.10.2017 &#8222;Lobgesang&#8220; in H\u00fcsten 06.05.2017 Gemeindewallfahrt nach Werl Freu dich, du Christenheit (Wallfahrtshymne) Freu dich, erl\u00f6ste Christenheit Ave Maria (Arcadelt) Lobt froh den Herren, ihr jugendlichen Ch\u00f6re 16.04.2017 u. 17.04.2017 Ostern Ostergraduale (Gustav Biener) Freu dich, erl\u00f6ste Christenheit, Strophe 1 u. 3 Lobt froh den Herrn, ihr &hellip; <\/p>\n<p class=\"link-more\"><a href=\"https:\/\/kirchenchor-sundern.de\/?page_id=549\" class=\"more-link\"><span class=\"screen-reader-text\">\u201e2017\u201c<\/span> weiterlesen<\/a><\/p>\n","protected":false},"author":1,"featured_media":0,"parent":0,"menu_order":0,"comment_status":"closed","ping_status":"closed","template":"","meta":{"footnotes":""},"_links":{"self":[{"href":"https:\/\/kirchenchor-sundern.de\/index.php?rest_route=\/wp\/v2\/pages\/549"}],"collection":[{"href":"https:\/\/kirchenchor-sundern.de\/index.php?rest_route=\/wp\/v2\/pages"}],"about":[{"href":"https:\/\/kirchenchor-sundern.de\/index.php?rest_route=\/wp\/v2\/types\/page"}],"author":[{"embeddable":true,"href":"https:\/\/kirchenchor-sundern.de\/index.php?rest_route=\/wp\/v2\/users\/1"}],"replies":[{"embeddable":true,"href":"https:\/\/kirchenchor-sundern.de\/index.php?rest_route=%2Fwp%2Fv2%2Fcomments&post=549"}],"version-history":[{"count":7,"href":"https:\/\/kirchenchor-sundern.de\/index.php?rest_route=\/wp\/v2\/pages\/549\/revisions"}],"predecessor-version":[{"id":559,"href":"https:\/\/kirchenchor-sundern.de\/index.php?rest_route=\/wp\/v2\/pages\/549\/revisions\/559"}],"wp:attachment":[{"href":"https:\/\/kirchenchor-sundern.de\/index.php?rest_route=%2Fwp%2Fv2%2Fmedia&parent=549"}],"curies":[{"name":"wp","href":"https:\/\/api.w.org\/{rel}","templated":true}]}}

<p><strong>18.11.2017 &#8222;Lobgesang&#8220; in Belecke</strong></p>
<p><strong>14.10.2017 &#8222;Lobgesang&#8220; in Sundern</strong></p>
<p><a href="https://kirchenchor-sundern.de/wp-content/uploads/2017/11/cropped-IMAfoto_DSC09706_comp-mit-Beschr.jpg"><img decoding="async" loading="lazy" class="alignnone wp-image-523 size-full" src="https://kirchenchor-sundern.de/wp-content/uploads/2017/11/cropped-IMAfoto_DSC09706_comp-mit-Beschr.jpg" alt="" width="2000" height="1333" srcset="https://kirchenchor-sundern.de/wp-content/uploads/2017/11/cropped-IMAfoto_DSC09706_comp-mit-Beschr.jpg 2000w, https://kirchenchor-sundern.de/wp-content/uploads/2017/11/cropped-IMAfoto_DSC09706_comp-mit-Beschr-300x200.jpg 300w, https://kirchenchor-sundern.de/wp-content/uploads/2017/11/cropped-IMAfoto_DSC09706_comp-mit-Beschr-768x512.jpg 768w, https://kirchenchor-sundern.de/wp-content/uploads/2017/11/cropped-IMAfoto_DSC09706_comp-mit-Beschr-1024x682.jpg 1024w" sizes="(max-width: 767px) 89vw, (max-width: 1000px) 54vw, (max-width: 1071px) 543px, 580px" /></a></p>
<p><strong>08.10.2017 &#8222;Lobgesang&#8220; in Hüsten</strong></p>
<p><strong>06.05.2017 Gemeindewallfahrt nach Werl</strong></p>
<p><a href="https://kirchenchor-sundern.de/wp-content/uploads/2017/11/IMA_DSC08114.jpg"><img decoding="async" loading="lazy" class="alignnone wp-image-551" src="https://kirchenchor-sundern.de/wp-content/uploads/2017/11/IMA_DSC08114.jpg" alt="" width="503" height="729" srcset="https://kirchenchor-sundern.de/wp-content/uploads/2017/11/IMA_DSC08114.jpg 690w, https://kirchenchor-sundern.de/wp-content/uploads/2017/11/IMA_DSC08114-207x300.jpg 207w" sizes="(max-width: 503px) 100vw, 503px" /></a></p>
<ul>
<li>Freu dich, du Christenheit (Wallfahrtshymne)</li>
<li>Freu dich, erlöste Christenheit</li>
<li>Ave Maria (Arcadelt)</li>
<li>Lobt froh den Herren, ihr jugendlichen Chöre</li>
</ul>
<p><strong>16.04.2017 u. 17.04.2017 Ostern</strong></p>
<ul>
<li>Ostergraduale (Gustav Biener)</li>
<li>Freu dich, erlöste Christenheit, Strophe 1 u. 3</li>
<li>Lobt froh den Herrn, ihr jugendlichen Chöre, Strophe 1 u. 3</li>
<li>Das ist der Tag, den Gott gemacht</li>
</ul>
<p><strong>14.04.2017 Karfreitag</strong></p>
<ul>
<li>O Haupt voll Blut und Wunden (Bach)</li>
<li>Herzliebster Jesu (Bach)</li>
</ul>
<p><strong>19.02.2017  Einführung unseres neuen Pfarrers Stefan Siebert:</strong></p>
<ul>
<li>Gloria aus der Missa secunda von Hans-Leo Hassler</li>
<li>Lass Frieden sein auf Erden (Miller / Jackson / Bitter)</li>
</ul>
<p>&nbsp;</p>
<p>&nbsp;</p>

<p>18.11.2017 &#8222;Lobgesang&#8220; in Belecke 14.10.2017 &#8222;Lobgesang&#8220; in Sundern 08.10.2017 &#8222;Lobgesang&#8220; in Hüsten 06.05.2017 Gemeindewallfahrt nach Werl Freu dich, du Christenheit (Wallfahrtshymne) Freu dich, erlöste Christenheit Ave Maria (Arcadelt) Lobt froh den Herren, ihr jugendlichen Chöre 16.04.2017 u. 17.04.2017 Ostern Ostergraduale (Gustav Biener) Freu dich, erlöste Christenheit, Strophe 1 u. 3 Lobt froh den Herrn, ihr &hellip; </p>
<p class="link-more"><a href="https://kirchenchor-sundern.de/?page_id=549" class="more-link"><span class="screen-reader-text">„2017“</span> weiterlesen</a></p>
